ppose 205 + 85 = -z. Let a = 752 + z. Calculate the greatest common divisor of t and a.
42
Let o(g) = -g**3 + 8*g**2 - 3*g. Let z be o(3). Suppose -4*u - 64 = -112. What is the highest common factor of z and u?
12
Let g(o) = 3*o + 11. Let v be g(4). Suppose -v*z + 27*z - 220 = 0. Calculate the greatest common divisor of z and 11.
11
Let n(r) = -3*r**3 + 26*r**2 + 19*r + 9. Let f be n(8). Calculate the greatest common factor of 34 and f.
17
Suppose 22*r - 35 - 53 = 0. Calculate the highest common factor of 3 and r.
1
Let u = -2274 - -2307. What is the highest common divisor of 4521 and u?
33
Let q(k) = 99*k**2 - 2*k + 4. Let l be q(3). Let c = l - 529. Suppose 5*n - c = -2*f - 2*f, 2*f - 3*n = 180. Calculate the highest common divisor of 10 and f.
10
Let m be 8*(24/9 - 2/3). What is the greatest common factor of m and 848?
16
Let y(b) be the third derivative of b**6/120 + 3*b**5/20 + 5*b**4/24 - 3*b**3 - 25*b**2. Let m be y(-8). What is the highest common factor of 6 and m?
6
Let p = 1047 + -748. Calculate the highest common factor of p and 13.
13
Suppose -7*x + 5*x + 92 = 2*v, -3*x = v - 48. Calculate the greatest common divisor of 720 and v.
45
Let a = 8 + -23. Let o = 111 + a. Let t be 4 - 7/((-21)/o). What is the greatest common divisor of 24 and t?
12
Let x be 24/(-16)*800/(-12). Suppose -4*v = 3*s - 95, v + 5*s - 16 - 29 = 0. What is the greatest common factor of x and v?
20
Suppose 5*m - 2*n - 21 = 0, 11 = 3*m - 3*n + n. Suppose 2*z = -18 + 58. What is the greatest common factor of z and m?
5
Let w(b) = b**2 + b + 3. Let t be w(0). Suppose -4*u - 5*h + 376 = 0, -2*u = t*h - 50 - 136. Let f = -525 - -536. What is the highest common divisor of u and f?
11
Let l = 52 + -49. Suppose 0 = 4*h - l*d - 69, -h = -d - 4*d - 13. What is the highest common divisor of 6 and h?
6
Let o be (-1)/(0 + 3/30). Let j(n) = -n + 14. Let v be j(o). Suppose -3*z + 144 = z. Calculate the highest common factor of z and v.
12
Suppose 3*l + 3*s = 6, 0*l - l + 4*s + 7 = 0. Let v be ((-2)/l)/((-26)/117)*6. What is the greatest common factor of v and 144?
18
Let f(l) = -l**3 + 19*l**2 - 24*l + 148. Let i be f(18). Suppose j + 4 = -3*p - 0*p, 2*p - 19 = -5*j. Calculate the greatest common divisor of j and i.
5
Let l be 2/4 - (-4)/8. Let o be (0 + l)/((-3)/(-24)). Suppose -5*a + 14 = -3*u + 1, 0 = -4*a - 4*u + 4. What is the highest common factor of a and o?
2
Let a(j) = j**2 + 5*j + 4. Let m be a(-5). Suppose -3*c - 3 = 0, c = 4*v - 4*c - 61. Suppose -v = m*z - 102. What is the highest common factor of 198 and z?
22
Let q be (1 + -7)/(-1 + -1). Suppose 0 = 5*l + 5*r + 10, 4*l - r = 3*r - 16. Let o be -1*1/(l/q). Calculate the highest common factor of 2 and o.
1
Let k(w) = -2*w + 6. Let g be k(7). Let f = -5 - g. Let i(c) = -c**3 + 8*c**2 - 6*c + 8. Let b be i(7). What is the greatest common divisor of f and b?
3
Suppose -90 - 66 = -j. What is the highest common divisor of 6 and j?
6
Let c = 1702 + -1694. What is the greatest common divisor of 40 and c?
8
Let p(m) be the second derivative of -5*m**3/2 - m**2 + 8*m. Let d be p(-2). Calculate the highest common factor of d and 7.
7
Let j = 99 + 77. What is the greatest common factor of j and 8?
8
Let r(g) = 7*g - 22*g + 33 + g**2 + 14*g. Let q be r(0). Suppose -3*x - 15 = -2*t, q = 2*t - 5*x + 12. Calculate the highest common factor of t and 6.
3
Suppose 3*f = 6*f + 3*f. Suppose -15*r - 696 + 2046 = f. Calculate the greatest common divisor of 60 and r.
30
Suppose 0 = u - 2*u + 7. Suppose 276 = u*o + 5*o. What is the greatest common factor of 92 and o?
23
Let c(x) = -2*x**3 - 3*x**2 + x + 2. Let j be c(-2). Suppose 0 = -j*b - 18 + 126. Calculate the greatest common factor of b and 9.
9
Suppose 19 = 4*r + 3. Suppose -r*g = -g. Let y(s) = -s**2 + s + 10. Let i be y(g). What is the highest common divisor of 10 and i?
10
Let x(m) = 5*m**3 + m**2 - 7*m + 4. Let p be x(1). Calculate the highest common factor of p and 147.
3
Let a = -34 + 36. Suppose 4*d + 76 = a*j, j - d = 2*j - 26. Calculate the greatest common factor of 240 and j.
30
Let a be (-2)/8 - (-1)/4. Suppose a*u - 4*x - 10 = -5*u, 2*x + 8 = 3*u. Let h = -243 - -255. Calculate the greatest common factor of h and u.
6
Suppose 5*n - n = -16. Let g be (2/n)/(3/(-12)). Suppose -g*h + 3*h - 10 = 0. Calculate the highest common divisor of 40 and h.
10
Let d(x) = 0*x + 4*x + x + 20 - x. Let p be d(9). Let v be (-76)/(-10) + 6/15. What is the highest common factor of p and v?
8
Let b be (7 - (-3)/3) + -1. Let j = 28 + -62. Let m = j - -35. Calculate the greatest common factor of b and m.
1
Let b(o) = -3*o - 72. Let s be b(-33). What is the highest common divisor of 45 and s?
9
Let l(w) be the second derivative of -w + 3/4*w**4 + 0 + 1/20*w**5 + 1/3*w**3 + 6*w**2. Let x be l(-8). Calculate the highest common divisor of x and 40.
20
Let q be (-70)/(-595) - (-32)/17. Suppose -2*b + 5*b = 48. Calculate the highest common divisor of b and q.
2
Let f be (0 - 1716/20)*(-11 - -6). Calculate the highest common factor of 39 and f.
39
Suppose 30 + 26 = 3*q + 4*o, 5*q + 3*o = 86. Let s be 60/(q/(-4) - -5). Calculate the greatest common factor of s and 6.
6
Let r(l) = l**3 - 2*l**2 - 22*l + 34. Let h be r(7). Calculate the greatest common factor of h and 75.
25
Suppose -2*o - 336 = -5*a - 50, 5*a - 288 = o. What is the greatest common divisor of a and 174?
58
Suppose 0 = 5*o - 4*f + 5, 0 = 2*o + 5*f + 12 - 43. What is the greatest common factor of 5 and o?
1
Suppose 4*y + 5*s = 1418, 2*y + 263 - 977 = -5*s. What is the highest common factor of y and 64?
32
Let w be (-10)/15 + 0 - (-26)/3. Let s = 55 + -39. What is the greatest common divisor of s and w?
8
Let y = 28 - 15. Suppose -3*x + b + 4 = -3, 5*b + y = 4*x. Suppose -x*c + 63 = n - 5*c, 4*c - 228 = -3*n. What is the highest common divisor of 8 and n?
8
Suppose -5*f + 4*n + 110 = 0, 0 = -2*f + 5*n + 13 + 48. Let i(j) = 100*j - 2. Let y be i(2). Calculate the highest common factor of y and f.
18
Let h = -24 + 56. Let q = h + -20. What is the greatest common factor of q and 132?
12
Suppose -3*y - 2*n + 490 = y, -5*y + 611 = 4*n. Let h = -68 + y. What is the highest common divisor of 5 and h?
5
Suppose -24 = 2*f - i - 102, -i = 3*f - 117. Let x be 14 - (0 - -3)/3. What is the greatest common factor of x and f?
13
Suppose 0*r - 3*r - 3*y = -153, -5*r + 5*y = -235. Suppose r = 5*p + 4. Let j = -24 + 51. What is the greatest common divisor of p and j?
9
Let u(b) = b**3 + 6*b**2 - 3*b. Let c be u(-5). Calculate the greatest common divisor of c and 160.
40
Suppose 89 = 3*q + 29. Let g be 30/(3 - -2)*1. Suppose 5 = -5*p - 5*k, -g*p + p = -5*k - 45. Calculate the greatest common divisor of p and q.
4
Suppose 3*l = -l - 72. Let c = -14 - l. Let i = -5 - -15. Calculate the greatest common factor of c and i.
2
Suppose -45 = -5*k - 20. Suppose -k*z + z + 44 = 0. Let m = -5715 + 5770. Calculate the highest common divisor of z and m.
11
Let l be 10/(-35) - (-896)/49. Let c be -120*(15/(-4) - -3). What is the greatest common divisor of l and c?
18
Let f(h) = h - 6. Let w be f(9). Suppose 8 = -w*n - n. Let i = n + 10. What is the greatest common factor of i and 32?
8
Let l(d) = 2*d - 14. Let c be l(12). Suppose -3*t = -8*t + c. What is the highest common divisor of t and 8?
2
Let p = 277 + -144. Let k(f) = f**3 - 4*f**2 + 3*f - 5. Let y be k(3). Let m = 14 - y. Calculate the greatest common divisor of m and p.
19
Let d = -618 - -933. Let r = -1895 + 1930. What is the greatest common factor of r and d?
35
Let d = -184 - -196. Calculate the highest common factor of 732 and d.
12
Suppose -12*x = -13*x - 72. Let n be (-10)/55 - (x/33 + 1). Suppose 0 = -2*y + y + 11. Calculate the greatest common divisor of n and y.
1
Let o be (-1)/((6/5)/6). Let q be 54/45*o/(-2). Let s be (12/4 - -2)*q. Calculate the highest common divisor of 105 and s.
15
Let m be (-7)/2*(-27 - -13) - -6. Calculate the highest common divisor of 715 and m.
55
Let k be 2568/15 + (-9)/45. Let q = 36 + -17. Calculate the highest common divisor of q and k.
19
Suppose -o + 4*n + 18 = 0, n = 2*o - 4*n - 24. Suppose 4*i - o*i = 162. Suppose 0*t - 3*t = -i. Calculate the highest common factor of t and 18.
9
Let b be (8 + (2 - 0))*16810/164. Calculate the greatest common divisor of b and 41.
4